d 1596?
28
What is the greatest common divisor of 4578 and 84?
42
Calculate the highest common divisor of 33 and 1144.
11
What is the highest common factor of 322 and 56?
14
What is the highest common divisor of 3014 and 44?
22
Calculate the greatest common divisor of 16 and 8456.
8
Calculate the greatest common divisor of 78714 and 18.
18
Calculate the highest common divisor of 159 and 4240.
53
What is the greatest common divisor of 10480 and 32?
16
Calculate the greatest common factor of 176 and 14344.
88
Calculate the greatest common divisor of 152 and 8.
8
What is the greatest common divisor of 32 and 944?
16
Calculate the greatest common divisor of 814 and 296.
74
Calculate the greatest common factor of 5074 and 118.
118
Calculate the greatest common divisor of 999 and 3552.
111
What is the greatest common divisor of 256 and 48?
16
Calculate the highest common factor of 1340 and 20.
20
What is the highest common divisor of 24 and 468?
12
What is the highest common divisor of 441 and 343?
49
Calculate the greatest common factor of 464 and 29.
29
What is the highest common factor of 55 and 23155?
55
Calculate the highest common factor of 87 and 3.
3
What is the greatest common divisor of 7 and 2359?
7
Calculate the highest common factor of 3479 and 71.
71
What is the highest common divisor of 112 and 512?
16
What is the greatest common factor of 28 and 3878?
14
Calculate the highest common divisor of 5290 and 92.
46
What is the highest common divisor of 14 and 63112?
14
Calculate the greatest common divisor of 87 and 1131.
87
What is the greatest common factor of 472 and 8?
8
Calculate the greatest common divisor of 533 and 26.
13
What is the greatest common factor of 10 and 8?
2
What is the greatest common divisor of 988 and 104?
52
Calculate the greatest common divisor of 450 and 12.
6
What is the highest common factor of 1040 and 80?
80
What is the highest common divisor of 80 and 45?
5
Calculate the highest common divisor of 6 and 5298.
6
What is the greatest common factor of 4110 and 210?
30
What is the highest common factor of 286 and 182?
26
What is the greatest common divisor of 90 and 11655?
45
What is the highest common divisor of 16 and 2736?
16
Calculate the greatest common factor of 1419 and 1806.
129
Calculate the highest common factor of 360 and 31.
1
Calculate the highest common factor of 1094 and 10.
2
Calculate the highest common factor of 777 and 63.
21
What is the greatest common factor of 110 and 275?
55
Calculate the greatest common divisor of 11 and 8899.
11
Calculate the highest common divisor of 7 and 567.
7
What is the highest common factor of 95 and 133?
19
Calculate the highest common factor of 99 and 363.
33
Calculate the highest common factor of 472 and 8.
8
What is the highest common factor of 27593 and 41?
41
What is the highest common divisor of 60 and 1059?
3
What is the greatest common factor of 7 and 203?
7
What is the greatest common divisor of 8 and 6?
2
What is the greatest common divisor of 119 and 6103?
17
What is the greatest common divisor of 1521 and 27?
9
What is the highest common factor of 1500 and 60?
60
What is the highest common factor of 474 and 6?
6
Calculate the greatest common factor of 585 and 720.
45
What is the highest common factor of 5784 and 120?
24
Calculate the highest common factor of 135 and 720.
45
What is the greatest common factor of 10 and 14?
2
Calculate the highest common factor of 68 and 187.
17
What is the greatest common factor of 27 and 10719?
27
Calculate the greatest common factor of 341 and 217.
31
What is the greatest common factor of 201 and 536?
67
What is the greatest common divisor of 77 and 1298?
11
Calculate the highest common divisor of 12 and 1572.
12
Calculate the highest common factor of 2816 and 440.
88
Calculate the highest common divisor of 455 and 2639.
91
Calculate the greatest common divisor of 15 and 3.
3
What is the highest common factor of 147 and 6125?
49
What is the highest common factor of 22 and 43967?
11
Calculate the greatest common factor of 656 and 410.
82
Calculate the greatest common factor of 14 and 105532.
14
What is the greatest common divisor of 51 and 27965?
17
Calculate the greatest common divisor of 9 and 7299.
9
What is the greatest common divisor of 1562 and 355?
71
Calculate the highest common divisor of 12 and 636.
12
What is the greatest common factor of 90 and 60?
30
What is the greatest common divisor of 12 and 12?
12
What is the highest common factor of 1739 and 37?
37
Calculate the highest common factor of 51367 and 31.
31
What is the highest common divisor of 46 and 3013?
23
What is the greatest common divisor of 753 and 6?
3
Calculate the greatest common factor of 9211 and 151.
151
What is the highest common factor of 35 and 3?
1
Calculate the highest common divisor of 286 and 442.
26
What is the greatest common divisor of 17 and 17?
17
What is the greatest common divisor of 2500 and 3900?
100
Calculate the highest common factor of 893 and 19.
19
What is the greatest common factor of 41 and 2?
1
What is the greatest common divisor of 792 and 804?
12
Calculate the greatest common divisor of 20 and 990.
10
Calculate the greatest common factor of 74 and 1406.
74
Calculate the highest common factor of 496 and 93.
31
What is the greatest common divisor of 60 and 192?
12
Calculate the greatest common factor of 33 and 1441.
11
What is the highest common divisor of 62 and 992?
62
What is the greatest common factor of 28 and 1004?
4
Calculate the highest common factor of 68 and 391.
17
Calculate the highest common factor of 17565 and 15.
15
Calculate the highest common factor of 143 and 221.
13
What is the highest common divisor of 49 and 189?
7
Calculate the highest common factor of 2376 and 8613.
297
What is the greatest common divisor of 1485 and 6105?
165
What is the greatest common factor of 184 and 1426?
46
What is the greatest common divisor of 50760 and 120?
120
What is the greatest common divisor of 88 and 392?
8
What is the highest common factor of 26 and 2?
2
Calculate the highest common factor of 2119 and 489.
163
What is the highest common divisor of 510 and 102?
102
Calculate the highest common factor of 3009 and 885.
177
What is the highest common divisor of 243 and 324?
81
Calculate the greatest common factor of 30 and 330.
30
Calculate the highest common factor of 71 and 5751.
71
Calculate the highest common divisor of 48 and 324.
12
Calculate the highest common divisor of 140 and 245.
35
What is the greatest common divisor of 34 and 748?
34
Calculate the greatest common factor of 6 and 224.
2
What is the highest common divisor of 3 and 6?
3
What is the highest common divisor of 1036 and 222?
74
What is the highest common factor of 960 and 12?
12
Calculate the highest common factor of 2990 and 520.
130
What is the highest common divisor of 96 and 120?
24
Calculate the greatest common factor of 66 and 264.
66
What is the greatest common factor of 86 and 559?
43
What is the highest common factor of 16 and 592?
16
Calculate the highest common factor of 741 and 26.
13
Calculate the highest common factor of 22 and 1639.
11
What is the greatest common divisor of 1197 and 315?
63
Calculate the highest common divisor of 1 and 277.
1
What is the greatest common divisor of 459 and 81?
27
What is the highest common divisor of 221 and 17?
17
Calculate the greatest common factor of 5704 and 217.
31
What is the greatest common factor of 45976 and 28?
28
What is the highest common divisor of 195 and 520?
65
What is the highest common factor of 312 and 1716?
156
Calculate the highest common divisor of 33 and 3.
3
What is the greatest common divisor of 27 and 351?
27
What is the greatest common divisor of 3690 and 60?
30
What is the highest common divisor of 121 and 99?
11
What is the greatest common divisor of 40 and 35?
5
What is the greatest common divisor of 25 and 65?
5
What is the highest common divisor of 55 and 253?
11
Calculate the greatest common divisor of 1225 and 1925.
175
Calculate the greatest common factor of 87 and 1653.
87
What is the greatest common divisor of 2422 and 56?
14
Calculate the greatest common factor of 18 and 54.
18
What is the highest common divisor of 31785 and 78?
39
Calculate the greate